{"id":41,"date":"2023-02-10T11:02:56","date_gmt":"2023-02-10T10:02:56","guid":{"rendered":"http:\/\/ouvremoilaporte.fr\/?page_id=41"},"modified":"2024-03-23T18:39:53","modified_gmt":"2024-03-23T17:39:53","slug":"contact","status":"publish","type":"page","link":"https:\/\/ouvremoilaporte.fr\/index.php\/contact\/","title":{"rendered":"Contact"},"content":{"rendered":"\t\t<div data-elementor-type=\"wp-page\" data-elementor-id=\"41\" class=\"elementor elementor-41\">\n\t\t\t\t\t\t<section class=\"elementor-section elementor-top-section elementor-element elementor-element-2ea81e1f elementor-section-content-middle elementor-section-stretched premium-lottie-yes elementor-section-boxed elementor-section-height-default elementor-section-height-default\" data-id=\"2ea81e1f\" data-element_type=\"section\" data-e-type=\"section\" data-settings=\"{&quot;stretch_section&quot;:&quot;section-stretched&quot;,&quot;background_background&quot;:&quot;classic&quot;}\">\n\t\t\t\t\t\t<div class=\"elementor-container elementor-column-gap-default\">\n\t\t\t\t\t<div class=\"elementor-column elementor-col-66 elementor-top-column elementor-element elementor-element-605ee9ed\" data-id=\"605ee9ed\" data-element_type=\"column\" data-e-type=\"column\" data-settings=\"{&quot;background_background&quot;:&quot;classic&quot;}\">\n\t\t\t<div class=\"elementor-widget-wrap elementor-element-populated\">\n\t\t\t\t\t\t<div class=\"elementor-element elementor-element-4503c04 elementor-widget elementor-widget-image\" data-id=\"4503c04\" data-element_type=\"widget\" data-e-type=\"widget\" data-widget_type=\"image.default\">\n\t\t\t\t<div class=\"elementor-widget-container\">\n\t\t\t\t\t\t\t\t\t\t\t\t\t\t\t<img fetchpriority=\"high\" decoding=\"async\" width=\"307\" height=\"222\" src=\"https:\/\/ouvremoilaporte.fr\/wp-content\/uploads\/2023\/02\/logo_ouvre-moi-la-porte.png\" class=\"attachment-large size-large wp-image-112\" alt=\"\" srcset=\"https:\/\/ouvremoilaporte.fr\/wp-content\/uploads\/2023\/02\/logo_ouvre-moi-la-porte.png 307w, https:\/\/ouvremoilaporte.fr\/wp-content\/uploads\/2023\/02\/logo_ouvre-moi-la-porte-300x217.png 300w\" sizes=\"(max-width: 307px) 100vw, 307px\" \/>\t\t\t\t\t\t\t\t\t\t\t\t\t\t\t<\/div>\n\t\t\t\t<\/div>\n\t\t\t\t\t<\/div>\n\t\t<\/div>\n\t\t\t\t<div class=\"elementor-column elementor-col-33 elementor-top-column elementor-element elementor-element-341f6182\" data-id=\"341f6182\" data-element_type=\"column\" data-e-type=\"column\">\n\t\t\t<div class=\"elementor-widget-wrap elementor-element-populated\">\n\t\t\t\t\t\t<div class=\"elementor-element elementor-element-d0babec premium-header-block premium-lq__none premium-box-lq__none elementor-widget elementor-widget-premium-addon-dual-header\" data-id=\"d0babec\" data-element_type=\"widget\" data-e-type=\"widget\" data-settings=\"{&quot;_animation_tablet&quot;:&quot;none&quot;,&quot;_animation_mobile&quot;:&quot;none&quot;}\" data-widget_type=\"premium-addon-dual-header.default\">\n\t\t\t\t\t\n\t\t<div class=\"elementor-widget-container\">\n\t\t\t\t\t<h2 class=\"premium-dual-header-first-header \"><span class=\"premium-dual-header-first-span\">Une urgence, un projet de r\u00e9novation ? <\/span><span class=\"premium-dual-header-second-header \">Contactez-nous d\u00e8s maintenant<\/span><\/h2> \t\t\t\t<\/div>\n\n\t\t\t\t\t\t<\/div>\n\t\t\t\t<div class=\"elementor-element elementor-element-275c0be0 elementor-widget-divider--separator-type-pattern elementor-widget-divider--no-spacing elementor-widget-divider--view-line elementor-widget elementor-widget-divider\" data-id=\"275c0be0\" data-element_type=\"widget\" data-e-type=\"widget\" data-settings=\"{&quot;_animation_tablet&quot;:&quot;none&quot;,&quot;_animation_mobile&quot;:&quot;none&quot;}\" data-widget_type=\"divider.default\">\n\t\t\t\t<div class=\"elementor-widget-container\">\n\t\t\t\t\t\t\t<div class=\"elementor-divider\" style=\"--divider-pattern-url: url(&quot;data:image\/svg+xml,%3Csvg xmlns=&#039;http:\/\/www.w3.org\/2000\/svg&#039; preserveAspectRatio=&#039;xMidYMid meet&#039; overflow=&#039;visible&#039; height=&#039;100%&#039; viewBox=&#039;0 0 120 26&#039; fill=&#039;black&#039; stroke=&#039;none&#039;%3E%3Cpolygon points=&#039;0,14.4 0,21 11.5,12.4 21.3,20 30.4,11.1 40.3,20 51,12.4 60.6,20 69.6,11.1 79.3,20 90.1,12.4 99.6,20 109.7,11.1 120,21 120,14.4 109.7,5 99.6,13 90.1,5 79.3,14.5 71,5.7 60.6,12.4 51,5 40.3,14.5 31.1,5 21.3,13 11.5,5 \t&#039;\/%3E%3C\/svg%3E&quot;);\">\n\t\t\t<span class=\"elementor-divider-separator\">\n\t\t\t\t\t\t<\/span>\n\t\t<\/div>\n\t\t\t\t\t\t<\/div>\n\t\t\t\t<\/div>\n\t\t\t\t<div class=\"elementor-element elementor-element-68998f04 elementor-widget elementor-widget-text-editor\" data-id=\"68998f04\" data-element_type=\"widget\" data-e-type=\"widget\" data-settings=\"{&quot;_animation_tablet&quot;:&quot;none&quot;,&quot;_animation_mobile&quot;:&quot;none&quot;}\" data-widget_type=\"text-editor.default\">\n\t\t\t\t<div class=\"elementor-widget-container\">\n\t\t\t\t\t\t\t\t\t<p>Vous avez une urgence, un besoin rapide de r\u00e9novation ou simplement une demande sur votre syst\u00e8me de serrurerie ? Prenez contact avec nous et r\u00e9alisons ensemble vos projets de r\u00e9novation.<\/p>\t\t\t\t\t\t\t\t<\/div>\n\t\t\t\t<\/div>\n\t\t\t\t<section class=\"elementor-section elementor-inner-section elementor-element elementor-element-455bb67 elementor-section-boxed elementor-section-height-default elementor-section-height-default\" data-id=\"455bb67\" data-element_type=\"section\" data-e-type=\"section\">\n\t\t\t\t\t\t<div class=\"elementor-container elementor-column-gap-default\">\n\t\t\t\t\t<div class=\"elementor-column elementor-col-50 elementor-inner-column elementor-element elementor-element-0f4210f\" data-id=\"0f4210f\" data-element_type=\"column\" data-e-type=\"column\">\n\t\t\t<div class=\"elementor-widget-wrap elementor-element-populated\">\n\t\t\t\t\t\t<div class=\"elementor-element elementor-element-385c1d79 premium-lq__none elementor-widget elementor-widget-premium-addon-button\" data-id=\"385c1d79\" data-element_type=\"widget\" data-e-type=\"widget\" data-widget_type=\"premium-addon-button.default\">\n\t\t\t\t<div class=\"elementor-widget-container\">\n\t\t\t\t\t\n\n\t\t<a class=\"premium-button premium-button-none premium-btn-lg premium-button-none\" href=\"tel:0616490565\">\n\t\t\t<div class=\"premium-button-text-icon-wrapper\">\n\t\t\t\t\n\t\t\t\t\t\t\t\t\t<span >\n\t\t\t\t\t\t06 16 49 05 65\t\t\t\t\t<\/span>\n\t\t\t\t\t\t\t<\/div>\n\n\t\t\t\n\t\t\t\n\t\t\t\n\t\t<\/a>\n\n\n\t\t\t\t\t\t<\/div>\n\t\t\t\t<\/div>\n\t\t\t\t\t<\/div>\n\t\t<\/div>\n\t\t\t\t<div class=\"elementor-column elementor-col-50 elementor-inner-column elementor-element elementor-element-fb1ba28\" data-id=\"fb1ba28\" data-element_type=\"column\" data-e-type=\"column\">\n\t\t\t<div class=\"elementor-widget-wrap elementor-element-populated\">\n\t\t\t\t\t\t<div class=\"elementor-element elementor-element-20ab7e41 premium-lq__none elementor-widget elementor-widget-premium-addon-button\" data-id=\"20ab7e41\" data-element_type=\"widget\" data-e-type=\"widget\" data-widget_type=\"premium-addon-button.default\">\n\t\t\t\t<div class=\"elementor-widget-container\">\n\t\t\t\t\t\n\n\t\t<a class=\"premium-button premium-button-none premium-btn-lg premium-button-none\" href=\"mailto:latoiledumenuisier@gmail.com\">\n\t\t\t<div class=\"premium-button-text-icon-wrapper\">\n\t\t\t\t\n\t\t\t\t\t\t\t\t\t<span >\n\t\t\t\t\t\tlatoiledumenuisier@gmail.com\t\t\t\t\t<\/span>\n\t\t\t\t\t\t\t<\/div>\n\n\t\t\t\n\t\t\t\n\t\t\t\n\t\t<\/a>\n\n\n\t\t\t\t\t\t<\/div>\n\t\t\t\t<\/div>\n\t\t\t\t\t<\/div>\n\t\t<\/div>\n\t\t\t\t\t<\/div>\n\t\t<\/section>\n\t\t\t\t\t<\/div>\n\t\t<\/div>\n\t\t\t\t\t<\/div>\n\t\t<\/section>\n\t\t\t\t<\/div>\n\t\t","protected":false},"excerpt":{"rendered":"<p>Une urgence, un projet de r\u00e9novation ? Contactez-nous d\u00e8s maintenant Vous avez une urgence, un besoin rapide de r\u00e9novation ou simplement une demande sur votre syst\u00e8me de serrurerie ? Prenez contact avec nous et r\u00e9alisons ensemble vos projets de r\u00e9novation. 06 16 49 05 65 latoiledumenuisier@gmail.com<\/p>\n","protected":false},"author":1,"featured_media":0,"parent":0,"menu_order":0,"comment_status":"closed","ping_status":"closed","template":"","meta":{"footnotes":""},"class_list":["post-41","page","type-page","status-publish","hentry","entry"],"yoast_head":"<!-- This site is optimized with the Yoast SEO plugin v27.4 - https:\/\/yoast.com\/product\/yoast-seo-wordpress\/ -->\n<title>Contact - Ouvre-moi la porte - serrurier disponible 24h\/24 et 7j\/7<\/title>\n<meta name=\"description\" content=\"Contactez-nous d\u00e8s maintenant pour une urgence ou une simple r\u00e9novation de votre syst\u00e8me des serrurerie. Serrurier en Savoie.\" \/>\n<meta name=\"robots\" content=\"index, follow, max-snippet:-1, max-image-preview:large, max-video-preview:-1\" \/>\n<link rel=\"canonical\" href=\"https:\/\/ouvremoilaporte.fr\/index.php\/contact\/\" \/>\n<meta property=\"og:locale\" content=\"fr_FR\" \/>\n<meta property=\"og:type\" content=\"article\" \/>\n<meta property=\"og:title\" content=\"Contact - Ouvre-moi la porte - serrurier disponible 24h\/24 et 7j\/7\" \/>\n<meta property=\"og:description\" content=\"Contactez-nous d\u00e8s maintenant pour une urgence ou une simple r\u00e9novation de votre syst\u00e8me des serrurerie. Serrurier en Savoie.\" \/>\n<meta property=\"og:url\" content=\"https:\/\/ouvremoilaporte.fr\/index.php\/contact\/\" \/>\n<meta property=\"og:site_name\" content=\"Ouvre-moi la porte\" \/>\n<meta property=\"article:modified_time\" content=\"2024-03-23T17:39:53+00:00\" \/>\n<meta property=\"og:image\" content=\"https:\/\/ouvremoilaporte.fr\/wp-content\/uploads\/2023\/02\/logo_ouvre-moi-la-porte.png\" \/>\n<meta name=\"twitter:card\" content=\"summary_large_image\" \/>\n<meta name=\"twitter:label1\" content=\"Dur\u00e9e de lecture estim\u00e9e\" \/>\n\t<meta name=\"twitter:data1\" content=\"1 minute\" \/>\n<script type=\"application\/ld+json\" class=\"yoast-schema-graph\">{\"@context\":\"https:\\\/\\\/schema.org\",\"@graph\":[{\"@type\":\"WebPage\",\"@id\":\"https:\\\/\\\/ouvremoilaporte.fr\\\/index.php\\\/contact\\\/\",\"url\":\"https:\\\/\\\/ouvremoilaporte.fr\\\/index.php\\\/contact\\\/\",\"name\":\"Contact - Ouvre-moi la porte - serrurier disponible 24h\\\/24 et 7j\\\/7\",\"isPartOf\":{\"@id\":\"https:\\\/\\\/ouvremoilaporte.fr\\\/#website\"},\"primaryImageOfPage\":{\"@id\":\"https:\\\/\\\/ouvremoilaporte.fr\\\/index.php\\\/contact\\\/#primaryimage\"},\"image\":{\"@id\":\"https:\\\/\\\/ouvremoilaporte.fr\\\/index.php\\\/contact\\\/#primaryimage\"},\"thumbnailUrl\":\"https:\\\/\\\/ouvremoilaporte.fr\\\/wp-content\\\/uploads\\\/2023\\\/02\\\/logo_ouvre-moi-la-porte.png\",\"datePublished\":\"2023-02-10T10:02:56+00:00\",\"dateModified\":\"2024-03-23T17:39:53+00:00\",\"description\":\"Contactez-nous d\u00e8s maintenant pour une urgence ou une simple r\u00e9novation de votre syst\u00e8me des serrurerie. Serrurier en Savoie.\",\"breadcrumb\":{\"@id\":\"https:\\\/\\\/ouvremoilaporte.fr\\\/index.php\\\/contact\\\/#breadcrumb\"},\"inLanguage\":\"fr-FR\",\"potentialAction\":[{\"@type\":\"ReadAction\",\"target\":[\"https:\\\/\\\/ouvremoilaporte.fr\\\/index.php\\\/contact\\\/\"]}]},{\"@type\":\"ImageObject\",\"inLanguage\":\"fr-FR\",\"@id\":\"https:\\\/\\\/ouvremoilaporte.fr\\\/index.php\\\/contact\\\/#primaryimage\",\"url\":\"https:\\\/\\\/ouvremoilaporte.fr\\\/wp-content\\\/uploads\\\/2023\\\/02\\\/logo_ouvre-moi-la-porte.png\",\"contentUrl\":\"https:\\\/\\\/ouvremoilaporte.fr\\\/wp-content\\\/uploads\\\/2023\\\/02\\\/logo_ouvre-moi-la-porte.png\",\"width\":307,\"height\":222},{\"@type\":\"BreadcrumbList\",\"@id\":\"https:\\\/\\\/ouvremoilaporte.fr\\\/index.php\\\/contact\\\/#breadcrumb\",\"itemListElement\":[{\"@type\":\"ListItem\",\"position\":1,\"name\":\"Accueil\",\"item\":\"https:\\\/\\\/ouvremoilaporte.fr\\\/\"},{\"@type\":\"ListItem\",\"position\":2,\"name\":\"Contact\"}]},{\"@type\":\"WebSite\",\"@id\":\"https:\\\/\\\/ouvremoilaporte.fr\\\/#website\",\"url\":\"https:\\\/\\\/ouvremoilaporte.fr\\\/\",\"name\":\"Ouvre-moi la porte\",\"description\":\"Serrurier professionnel\",\"potentialAction\":[{\"@type\":\"SearchAction\",\"target\":{\"@type\":\"EntryPoint\",\"urlTemplate\":\"https:\\\/\\\/ouvremoilaporte.fr\\\/?s={search_term_string}\"},\"query-input\":{\"@type\":\"PropertyValueSpecification\",\"valueRequired\":true,\"valueName\":\"search_term_string\"}}],\"inLanguage\":\"fr-FR\"}]}<\/script>\n<!-- \/ Yoast SEO plugin. -->","yoast_head_json":{"title":"Contact - Ouvre-moi la porte - serrurier disponible 24h\/24 et 7j\/7","description":"Contactez-nous d\u00e8s maintenant pour une urgence ou une simple r\u00e9novation de votre syst\u00e8me des serrurerie. Serrurier en Savoie.","robots":{"index":"index","follow":"follow","max-snippet":"max-snippet:-1","max-image-preview":"max-image-preview:large","max-video-preview":"max-video-preview:-1"},"canonical":"https:\/\/ouvremoilaporte.fr\/index.php\/contact\/","og_locale":"fr_FR","og_type":"article","og_title":"Contact - Ouvre-moi la porte - serrurier disponible 24h\/24 et 7j\/7","og_description":"Contactez-nous d\u00e8s maintenant pour une urgence ou une simple r\u00e9novation de votre syst\u00e8me des serrurerie. Serrurier en Savoie.","og_url":"https:\/\/ouvremoilaporte.fr\/index.php\/contact\/","og_site_name":"Ouvre-moi la porte","article_modified_time":"2024-03-23T17:39:53+00:00","og_image":[{"url":"https:\/\/ouvremoilaporte.fr\/wp-content\/uploads\/2023\/02\/logo_ouvre-moi-la-porte.png","type":"","width":"","height":""}],"twitter_card":"summary_large_image","twitter_misc":{"Dur\u00e9e de lecture estim\u00e9e":"1 minute"},"schema":{"@context":"https:\/\/schema.org","@graph":[{"@type":"WebPage","@id":"https:\/\/ouvremoilaporte.fr\/index.php\/contact\/","url":"https:\/\/ouvremoilaporte.fr\/index.php\/contact\/","name":"Contact - Ouvre-moi la porte - serrurier disponible 24h\/24 et 7j\/7","isPartOf":{"@id":"https:\/\/ouvremoilaporte.fr\/#website"},"primaryImageOfPage":{"@id":"https:\/\/ouvremoilaporte.fr\/index.php\/contact\/#primaryimage"},"image":{"@id":"https:\/\/ouvremoilaporte.fr\/index.php\/contact\/#primaryimage"},"thumbnailUrl":"https:\/\/ouvremoilaporte.fr\/wp-content\/uploads\/2023\/02\/logo_ouvre-moi-la-porte.png","datePublished":"2023-02-10T10:02:56+00:00","dateModified":"2024-03-23T17:39:53+00:00","description":"Contactez-nous d\u00e8s maintenant pour une urgence ou une simple r\u00e9novation de votre syst\u00e8me des serrurerie. Serrurier en Savoie.","breadcrumb":{"@id":"https:\/\/ouvremoilaporte.fr\/index.php\/contact\/#breadcrumb"},"inLanguage":"fr-FR","potentialAction":[{"@type":"ReadAction","target":["https:\/\/ouvremoilaporte.fr\/index.php\/contact\/"]}]},{"@type":"ImageObject","inLanguage":"fr-FR","@id":"https:\/\/ouvremoilaporte.fr\/index.php\/contact\/#primaryimage","url":"https:\/\/ouvremoilaporte.fr\/wp-content\/uploads\/2023\/02\/logo_ouvre-moi-la-porte.png","contentUrl":"https:\/\/ouvremoilaporte.fr\/wp-content\/uploads\/2023\/02\/logo_ouvre-moi-la-porte.png","width":307,"height":222},{"@type":"BreadcrumbList","@id":"https:\/\/ouvremoilaporte.fr\/index.php\/contact\/#breadcrumb","itemListElement":[{"@type":"ListItem","position":1,"name":"Accueil","item":"https:\/\/ouvremoilaporte.fr\/"},{"@type":"ListItem","position":2,"name":"Contact"}]},{"@type":"WebSite","@id":"https:\/\/ouvremoilaporte.fr\/#website","url":"https:\/\/ouvremoilaporte.fr\/","name":"Ouvre-moi la porte","description":"Serrurier professionnel","potentialAction":[{"@type":"SearchAction","target":{"@type":"EntryPoint","urlTemplate":"https:\/\/ouvremoilaporte.fr\/?s={search_term_string}"},"query-input":{"@type":"PropertyValueSpecification","valueRequired":true,"valueName":"search_term_string"}}],"inLanguage":"fr-FR"}]}},"_links":{"self":[{"href":"https:\/\/ouvremoilaporte.fr\/index.php\/wp-json\/wp\/v2\/pages\/41","targetHints":{"allow":["GET"]}}],"collection":[{"href":"https:\/\/ouvremoilaporte.fr\/index.php\/wp-json\/wp\/v2\/pages"}],"about":[{"href":"https:\/\/ouvremoilaporte.fr\/index.php\/wp-json\/wp\/v2\/types\/page"}],"author":[{"embeddable":true,"href":"https:\/\/ouvremoilaporte.fr\/index.php\/wp-json\/wp\/v2\/users\/1"}],"replies":[{"embeddable":true,"href":"https:\/\/ouvremoilaporte.fr\/index.php\/wp-json\/wp\/v2\/comments?post=41"}],"version-history":[{"count":28,"href":"https:\/\/ouvremoilaporte.fr\/index.php\/wp-json\/wp\/v2\/pages\/41\/revisions"}],"predecessor-version":[{"id":206,"href":"https:\/\/ouvremoilaporte.fr\/index.php\/wp-json\/wp\/v2\/pages\/41\/revisions\/206"}],"wp:attachment":[{"href":"https:\/\/ouvremoilaporte.fr\/index.php\/wp-json\/wp\/v2\/media?parent=41"}],"curies":[{"name":"wp","href":"https:\/\/api.w.org\/{rel}","templated":true}]}}